{"id":54,"date":"2016-05-27T12:59:35","date_gmt":"2016-05-27T12:59:35","guid":{"rendered":"http:\/\/geo-wandern.de\/?page_id=54"},"modified":"2020-10-13T17:29:31","modified_gmt":"2020-10-13T17:29:31","slug":"1-mixis-waldwanderung","status":"publish","type":"page","link":"http:\/\/geo-wandern.de\/?page_id=54","title":{"rendered":"1 Mixis Waldwanderung"},"content":{"rendered":"<p style=\"text-align: center;\">Bei dieser Geo-Wanderung geht es 11km und 300 H\u00f6henmeter durch den Wettersbacher und Ettlinger Wald.<\/p>\n<p style=\"text-align: center;\">Startpunkt ist der Parkplatz beim Fernmeldeturm Karlsruhe Gr\u00fcnwettersbach<\/p>\n<p style=\"text-align: center;\">Hier gibte es viele sch\u00f6ne Geocaches zu finden und man sieht alle Highlights dieser Gegend.<\/p>\n<p style=\"text-align: center;\">Man sieht unterwegs: Den Fernmeldeturm, den Bismarkturm und den Wattkopfsendemast.<br \/>Die Rusth\u00fctte, die Friedrichsh\u00fctte und die Wilhelmsh\u00fctte.<br \/>Die Hedwigsquelle und den Pfahlbrunnen.<br \/>Und eine sch\u00f6ne Aussicht!<\/p>\n<p style=\"text-align: center;\">Im Bereich Download gibt es Unterlagen zum Ausdrucken mit den Namen der Wegweiser.<\/p>\n<p style=\"text-align: center;\">Hier die Liste der Geocaches mit Link:<\/p>\n<p style=\"text-align: center;\"><a href=\"http:\/\/coord.info\/GC6JFHV\">GC6JFHV Hilfe im Wald<\/a> (Letterbox)<\/p>\n<p style=\"text-align: center;\"><a href=\"http:\/\/coord.info\/GC23HN6\">GC23HN6 Karlsruhe ganz oben<\/a> (Tradie)<\/p>\n<p style=\"text-align: center;\"><a href=\"http:\/\/coord.info\/GC6GWZE\">GC6GWZE Geocache<\/a> (Tradie)<\/p>\n<p style=\"text-align: center;\"><a href=\"http:\/\/coord.info\/GC6J8GR\">GC6J8GR Fritz will nach Hause<\/a> (Wherigo)<\/p>\n<p style=\"text-align: center;\"><a href=\"http:\/\/coord.info\/GC2FCKW\">GC2FCKW Bismarkturm<\/a> (Tradie)<\/p>\n<p style=\"text-align: center;\"><a href=\"http:\/\/coord.info\/GC2FCKP\">GC2FCKP Parkplatz Kaisereiche<\/a> (Tradie)<\/p>\n<p style=\"text-align: center;\"><a href=\"http:\/\/coord.info\/GC6J4JC\">GC6J4JC Der Schatz der Quellgeister<\/a> (Tradie)<\/p>\n<p style=\"text-align: center;\"><a href=\"http:\/\/coord.info\/GC6J7CP\">GC6J7CP Magnetos Pause<\/a> (Tradie)<\/p>\n<p style=\"text-align: center;\"><a href=\"http:\/\/coord.info\/GC6HW3N\">GC6HW3N Murmelbahn <\/a>(Multie)<\/p>\n<p><br \/>Falls zu Hause gel\u00f6st: <a href=\"https:\/\/coord.info\/GC8N4BC\">GC8N4BC Ich erziehe meine Kinder zweideutig<\/a> (Mystery)<br \/><br \/><\/p>\n<p style=\"text-align: center;\">Viel Spa\u00df Frank Stech (Mixi)<\/p>\n\n\n<p><\/p>\n","protected":false},"excerpt":{"rendered":"<p>Bei dieser Geo-Wanderung geht es 11km und 300 H\u00f6henmeter durch den Wettersbacher und Ettlinger Wald. Startpunkt ist der Parkplatz beim Fernmeldeturm Karlsruhe Gr\u00fcnwettersbach Hier gibte es viele sch\u00f6ne Geocaches zu finden und man sieht alle Highlights dieser Gegend. Man sieht unterwegs: Den Fernmeldeturm, den Bismarkturm und den Wattkopfsendemast.Die Rusth\u00fctte, die Friedrichsh\u00fctte und die Wilhelmsh\u00fctte.Die Hedwigsquelle [&hellip;]<\/p>\n","protected":false},"author":1,"featured_media":0,"parent":0,"menu_order":0,"comment_status":"closed","ping_status":"closed","template":"","meta":[],"_links":{"self":[{"href":"http:\/\/geo-wandern.de\/index.php?rest_route=\/wp\/v2\/pages\/54"}],"collection":[{"href":"http:\/\/geo-wandern.de\/index.php?rest_route=\/wp\/v2\/pages"}],"about":[{"href":"http:\/\/geo-wandern.de\/index.php?rest_route=\/wp\/v2\/types\/page"}],"author":[{"embeddable":true,"href":"http:\/\/geo-wandern.de\/index.php?rest_route=\/wp\/v2\/users\/1"}],"replies":[{"embeddable":true,"href":"http:\/\/geo-wandern.de\/index.php?rest_route=%2Fwp%2Fv2%2Fcomments&post=54"}],"version-history":[{"count":8,"href":"http:\/\/geo-wandern.de\/index.php?rest_route=\/wp\/v2\/pages\/54\/revisions"}],"predecessor-version":[{"id":113,"href":"http:\/\/geo-wandern.de\/index.php?rest_route=\/wp\/v2\/pages\/54\/revisions\/113"}],"wp:attachment":[{"href":"http:\/\/geo-wandern.de\/index.php?rest_route=%2Fwp%2Fv2%2Fmedia&parent=54"}],"curies":[{"name":"wp","href":"https:\/\/api.w.org\/{rel}","templated":true}]}}