{"id":60,"date":"2016-05-27T13:29:34","date_gmt":"2016-05-27T13:29:34","guid":{"rendered":"http:\/\/geo-wandern.de\/?page_id=60"},"modified":"2016-06-12T15:02:43","modified_gmt":"2016-06-12T15:02:43","slug":"2-wettersbacher-foto-memory","status":"publish","type":"page","link":"http:\/\/geo-wandern.de\/?page_id=60","title":{"rendered":"2 Wettersbacher Foto-Memory"},"content":{"rendered":"<p>Bei dieser Runde lernt Ihr Wetersbach kennen.<br \/>\nDer Bergiff Wettersbach stand 1972-1974 f\u00fcr den Zusammenschluss von Gr\u00fcnwettersbach und Palmbach.<\/p>\n<p>Die Runde ist ca. 7 km lang und hat 150 H\u00f6henmeter.<br \/>\nFahrr\u00e4der und Kinderwagen m\u00fcssen an zwei Stellen wegen Treppen getragen werden.<\/p>\n<p><img loading=\"lazy\" class=\"alignnone wp-image-92\" src=\"http:\/\/geo-wandern.de\/wp-content\/uploads\/2016\/06\/Wettersbacher-Foto-Memory-300x166.jpg\" alt=\"Wettersbacher Foto Memory\" width=\"727\" height=\"402\" srcset=\"http:\/\/geo-wandern.de\/wp-content\/uploads\/2016\/06\/Wettersbacher-Foto-Memory-300x166.jpg 300w, http:\/\/geo-wandern.de\/wp-content\/uploads\/2016\/06\/Wettersbacher-Foto-Memory-768x425.jpg 768w, http:\/\/geo-wandern.de\/wp-content\/uploads\/2016\/06\/Wettersbacher-Foto-Memory-1024x567.jpg 1024w, http:\/\/geo-wandern.de\/wp-content\/uploads\/2016\/06\/Wettersbacher-Foto-Memory.jpg 1238w\" sizes=\"(max-width: 727px) 100vw, 727px\" \/><\/p>\n<p>Die Runde besteht aus einem Multie-Geocache und einem Mysterie als Bonus die man zusammen machen kann.<br \/>\nIn beiden F\u00e4llen ist es die gleiche Tour. Beim Multie hat man 2 Bl\u00e4tter mit Fotos. Unterwegs sucht man die Stellen wo die Fotos gemacht wurden und kann dann immer 2 Fotos die an der gleichen Stelle gemacht wurden zusammen setzten. Beim Mysterie sucht man Wandzeichnungen und Figuren auf D\u00e4chern. Wird man f\u00fcndig, schreibt man sich die Hausnnummern auf.<\/p>\n<p>Im Downloadbereich findet man die ben\u00f6tigten Unterlagen.<\/p>\n<p>Hier noch die Links zu den Geocaches:<\/p>\n<p><a href=\"http:\/\/coord.info\/GC6JFAX\">GC6JFAX Wettersbacher Foto-Memory<\/a><\/p>\n<p><a href=\"http:\/\/coord.info\/GC6JFKV\">GC6JFKV Erinnerungen an Wettersbach<\/a><\/p>\n<p>Viel Spa\u00df<br \/>\nFrank Stech (Mixi)<\/p>\n<p>&nbsp;<\/p>\n","protected":false},"excerpt":{"rendered":"<p>Bei dieser Runde lernt Ihr Wetersbach kennen. Der Bergiff Wettersbach stand 1972-1974 f\u00fcr den Zusammenschluss von Gr\u00fcnwettersbach und Palmbach. Die Runde ist ca. 7 km lang und hat 150 H\u00f6henmeter. Fahrr\u00e4der und Kinderwagen m\u00fcssen an zwei Stellen wegen Treppen getragen werden. Die Runde besteht aus einem Multie-Geocache und einem Mysterie als Bonus die man zusammen [&hellip;]<\/p>\n","protected":false},"author":1,"featured_media":0,"parent":0,"menu_order":0,"comment_status":"closed","ping_status":"closed","template":"","meta":[],"_links":{"self":[{"href":"http:\/\/geo-wandern.de\/index.php?rest_route=\/wp\/v2\/pages\/60"}],"collection":[{"href":"http:\/\/geo-wandern.de\/index.php?rest_route=\/wp\/v2\/pages"}],"about":[{"href":"http:\/\/geo-wandern.de\/index.php?rest_route=\/wp\/v2\/types\/page"}],"author":[{"embeddable":true,"href":"http:\/\/geo-wandern.de\/index.php?rest_route=\/wp\/v2\/users\/1"}],"replies":[{"embeddable":true,"href":"http:\/\/geo-wandern.de\/index.php?rest_route=%2Fwp%2Fv2%2Fcomments&post=60"}],"version-history":[{"count":8,"href":"http:\/\/geo-wandern.de\/index.php?rest_route=\/wp\/v2\/pages\/60\/revisions"}],"predecessor-version":[{"id":96,"href":"http:\/\/geo-wandern.de\/index.php?rest_route=\/wp\/v2\/pages\/60\/revisions\/96"}],"wp:attachment":[{"href":"http:\/\/geo-wandern.de\/index.php?rest_route=%2Fwp%2Fv2%2Fmedia&parent=60"}],"curies":[{"name":"wp","href":"https:\/\/api.w.org\/{rel}","templated":true}]}}